{"id":294,"date":"2024-01-26T17:53:42","date_gmt":"2024-01-26T16:53:42","guid":{"rendered":"https:\/\/afrikalarm.com\/?page_id=294"},"modified":"2024-01-31T20:20:02","modified_gmt":"2024-01-31T19:20:02","slug":"ses-cartes-sims","status":"publish","type":"page","link":"https:\/\/afrikalarm.com\/index.php\/ses-cartes-sims\/","title":{"rendered":"Cartes SIMs"},"content":{"rendered":"<style>.wp-block-kadence-spacer.kt-block-spacer-294_40bc0c-ac .kt-block-spacer{height:60px;}.wp-block-kadence-spacer.kt-block-spacer-294_40bc0c-ac .kt-divider{border-top-width:1px;height:1px;border-top-color:#eee;width:80%;border-top-style:solid;}<\/style>\n<div class=\"wp-block-kadence-spacer aligncenter kt-block-spacer-294_40bc0c-ac\"><div class=\"kt-block-spacer kt-block-spacer-halign-center\"><\/div><\/div>\n\n\n<style>.wp-block-kadence-advancedheading.kt-adv-heading294_3b29c4-1e, .wp-block-kadence-advancedheading.kt-adv-heading294_3b29c4-1e[data-kb-block=\"kb-adv-heading294_3b29c4-1e\"]{text-align:center;font-style:normal;}.wp-block-kadence-advancedheading.kt-adv-heading294_3b29c4-1e mark.kt-highlight, .wp-block-kadence-advancedheading.kt-adv-heading294_3b29c4-1e[data-kb-block=\"kb-adv-heading294_3b29c4-1e\"] mark.kt-highlight{font-style:normal;color:#f76a0c;-webkit-box-decoration-break:clone;box-decoration-break:clone;padding-top:0px;padding-right:0px;padding-bottom:0px;padding-left:0px;}<\/style>\n<h2 class=\"kt-adv-heading294_3b29c4-1e wp-block-kadence-advancedheading\" data-kb-block=\"kb-adv-heading294_3b29c4-1e\"><br>Bien choisir son op\u00e9rateur et son forfait GSM pour l&rsquo;envoi des alertes par sms et appels t\u00e9l\u00e9phoniques<\/h2>\n\n\n<style>.wp-block-kadence-spacer.kt-block-spacer-294_26ba01-1b .kt-block-spacer{height:30px;}.wp-block-kadence-spacer.kt-block-spacer-294_26ba01-1b .kt-divider{border-top-width:1px;height:1px;border-top-color:#eee;width:80%;border-top-style:solid;}<\/style>\n<div class=\"wp-block-kadence-spacer aligncenter kt-block-spacer-294_26ba01-1b\"><div class=\"kt-block-spacer kt-block-spacer-halign-center\"><\/div><\/div>\n\n\n<style>.kb-row-layout-id294_62a09d-3f > .kt-row-column-wrap{align-content:center;}:where(.kb-row-layout-id294_62a09d-3f > .kt-row-column-wrap) > .wp-block-kadence-column{justify-content:center;}.kb-row-layout-id294_62a09d-3f > .kt-row-column-wrap{column-gap:var(--global-kb-gap-md, 2rem);row-gap:var(--global-kb-gap-md, 2rem);padding-top:var(--global-kb-spacing-5xl, 10rem);padding-right:var(--global-kb-spacing-xl, 4rem);padding-bottom:var(--global-kb-spacing-3xl, 6.5rem);padding-left:var(--global-kb-spacing-xl, 4rem);grid-template-columns:minmax(0, 1fr);}.kb-row-layout-id294_62a09d-3f > .kt-row-layout-overlay{opacity:0.30;}.kb-row-layout-id294_62a09d-3f .kt-row-layout-top-sep{height:100px;}.kb-row-layout-id294_62a09d-3f .kt-row-layout-top-sep svg{width:100%;}.kb-row-layout-id294_62a09d-3f .kt-row-layout-top-sep svg{fill:#ffffff!important;}@media all and (max-width: 1024px){.kb-row-layout-id294_62a09d-3f > .kt-row-column-wrap{grid-template-columns:minmax(0, 1fr);}}@media all and (max-width: 767px){.kb-row-layout-id294_62a09d-3f > .kt-row-column-wrap{grid-template-columns:minmax(0, 1fr);}}<\/style><div class=\"kb-row-layout-wrap kb-row-layout-id294_62a09d-3f alignfull has-theme-palette4-background-color kt-row-has-bg wp-block-kadence-rowlayout\"><div class=\"kt-row-layout-top-sep kt-row-sep-type-sltr\"><svg viewBox=\"0 0 1000 100\" preserveAspectRatio=\"none\"><path d=\"M0,0l1000,100l-1000,0l0,-100Z\" \/><\/svg><\/div><div class=\"kt-row-column-wrap kt-has-1-columns kt-row-layout-equal kt-tab-layout-inherit kt-mobile-layout-row kt-row-valign-middle\">\n<style>.kadence-column294_d27b62-e4 > .kt-inside-inner-col,.kadence-column294_d27b62-e4 > .kt-inside-inner-col:before{border-top-left-radius:0px;border-top-right-radius:0px;border-bottom-right-radius:0px;border-bottom-left-radius:0px;}.kadence-column294_d27b62-e4 > .kt-inside-inner-col{column-gap:var(--global-kb-gap-sm, 1rem);}.kadence-column294_d27b62-e4 > .kt-inside-inner-col{flex-direction:column;}.kadence-column294_d27b62-e4 > .kt-inside-inner-col > .aligncenter{width:100%;}.kadence-column294_d27b62-e4 > .kt-inside-inner-col:before{opacity:0.3;}.kadence-column294_d27b62-e4{position:relative;}@media all and (max-width: 1024px){.kadence-column294_d27b62-e4 > .kt-inside-inner-col{flex-direction:column;justify-content:center;}}@media all and (max-width: 767px){.kadence-column294_d27b62-e4 > .kt-inside-inner-col{flex-direction:column;justify-content:center;}}<\/style>\n<div class=\"wp-block-kadence-column kadence-column294_d27b62-e4\"><div class=\"kt-inside-inner-col\">\n<p class=\"has-theme-palette-3-color has-text-color has-link-color wp-elements-b0401f3d62767a3b14b87d32ef9e681e\"><br>Les centrales de s\u00e9curit\u00e9 Ajax, incluant les mod\u00e8les Hub, Hub Plus, Hub 2 et Hub 2 Plus, sont con\u00e7ues pour assurer une communication continue et fiable dans diverses situations d&rsquo;urgence, notamment en cas de coupure d&rsquo;internet ou d&rsquo;\u00e9lectricit\u00e9. Ces syst\u00e8mes disposent d&rsquo;une fonctionnalit\u00e9 GSM permettant la r\u00e9ception d&rsquo;alertes via le r\u00e9seau t\u00e9l\u00e9phonique de la carte SIM, ce qui garantit une autonomie \u00e9lectrique jusqu&rsquo;\u00e0 15 heures en cas de panne de courant.<\/p>\n\n\n\n<p class=\"has-theme-palette-3-color has-text-color has-link-color wp-elements-30124205494feb560d843bfe15029467\">L\u2019alerte de l\u2019alarme GSM repose sur l\u2019envoi d\u2019un SMS via le r\u00e9seau t\u00e9l\u00e9phonique de la carte SIM choisie, ainsi que d\u2019un appel t\u00e9l\u00e9phonique (la sonnerie du t\u00e9l\u00e9phone \u00e9tant souvent mieux consid\u00e9r\u00e9e que celle qu\u2019un SMS).<\/p>\n\n\n\n<p class=\"has-theme-palette-3-color has-text-color has-link-color wp-elements-0a6f7e4b754c63d9a2e4a1789cff235e\">La carte SIM permet donc de contrer les sabotages mis en place par les cambrioleurs :<\/p>\n\n\n\n<ul class=\"has-theme-palette-3-color has-text-color has-link-color wp-elements-56e1dd9502c01633f6bff899050266a6\">\n<li>coupure d\u2019\u00e9lectricit\u00e9<\/li>\n\n\n\n<li>box internet d\u00e9branch\u00e9e\u2026<\/li>\n<\/ul>\n\n\n\n<p class=\"has-theme-palette-3-color has-text-color has-link-color wp-elements-012c9e9871d2409c5a7107c5fe69271d\">L\u2019installation d\u2019une carte SIM pour alarme est tr\u00e8s facile : il suffit de bien choisir sa carte SIM et de l\u2019ins\u00e9rer dans l\u2019emplacement d\u00e9di\u00e9 au sein du Hub\/Hub Plus\/Hub 2\/Hub 2 Plus.<\/p>\n\n\n\n<ul class=\"has-theme-palette-3-color has-text-color has-link-color wp-elements-d641bff0b3c7402d5eca88a2ef4825a1\">\n<li><strong>Hub :<\/strong> Le Hub classique d&rsquo;Ajax offre un emplacement pour une carte SIM 2G, assurant ainsi une connectivit\u00e9 de base en cas de coupure d&rsquo;internet.<\/li>\n\n\n\n<li><strong>Hub Plus :<\/strong> Le Hub Plus, une version am\u00e9lior\u00e9e, est \u00e9quip\u00e9 de deux emplacements pour cartes SIM, supportant les r\u00e9seaux 2G et 3G. Cette fonctionnalit\u00e9 permet de basculer entre deux op\u00e9rateurs t\u00e9l\u00e9coms diff\u00e9rents, augmentant la fiabilit\u00e9 des alertes et offrant une s\u00e9curit\u00e9 renforc\u00e9e. En cas de d\u00e9faillance d&rsquo;une carte SIM, le syst\u00e8me bascule automatiquement sur l&rsquo;autre.<\/li>\n\n\n\n<li><strong>Hub 2 :<\/strong> Le Hub 2 reprend les caract\u00e9ristiques du Hub classique avec des am\u00e9liorations additionnelles, notamment dans la gestion des connexions et des alertes.<\/li>\n\n\n\n<li><strong>Hub 2 Plus :<\/strong> Le Hub 2 Plus est la version la plus avanc\u00e9e, combinant toutes les caract\u00e9ristiques du Hub Plus avec des fonctionnalit\u00e9s suppl\u00e9mentaires et une plus grande capacit\u00e9 de gestion des dispositifs de s\u00e9curit\u00e9 et d&rsquo;automatisation.<\/li>\n<\/ul>\n\n\n\n<p class=\"has-theme-palette-3-color has-text-color has-link-color wp-elements-58ea17f15030ae4b62ded04df1255825\">Pour tous ces mod\u00e8les, Ajax fournit initialement une carte SIM de l&rsquo;op\u00e9rateur TIGO, assurant le fonctionnement pendant les deux premi\u00e8res ann\u00e9es apr\u00e8s l&rsquo;achat. Apr\u00e8s cette p\u00e9riode, les utilisateurs ont la possibilit\u00e9 de souscrire un nouvel abonnement avec l&rsquo;op\u00e9rateur de leur choix ou de renouveler l&rsquo;abonnement de la carte SIM aupr\u00e8s d&rsquo;AfrikAlarm. Pour le Hub Plus et le Hub 2 Plus, une seule carte SIM est fournie par d\u00e9faut. Si un utilisateur souhaite une deuxi\u00e8me carte SIM d&rsquo;un autre op\u00e9rateur, il peut le pr\u00e9ciser lors de la commande ou contacter directement le fournisseur pour des instructions suppl\u00e9mentaires.<\/p>\n<\/div><\/div>\n\n<\/div><\/div>","protected":false},"excerpt":{"rendered":"<p>Bien choisir son op\u00e9rateur et son forfait GSM pour l&rsquo;envoi des alertes par sms et appels t\u00e9l\u00e9phoniques Les centrales de s\u00e9curit\u00e9 Ajax, incluant les mod\u00e8les Hub, Hub Plus, Hub 2 et Hub 2 Plus, sont con\u00e7ues pour assurer une communication continue et fiable dans diverses situations d&rsquo;urgence, notamment en cas de coupure d&rsquo;internet ou d&rsquo;\u00e9lectricit\u00e9&#8230;.<\/p>\n","protected":false},"author":1,"featured_media":0,"parent":0,"menu_order":0,"comment_status":"closed","ping_status":"closed","template":"","meta":{"_kad_blocks_custom_css":"","_kad_blocks_head_custom_js":"","_kad_blocks_body_custom_js":"","_kad_blocks_footer_custom_js":"","_kad_post_transparent":"disable","_kad_post_title":"hide","_kad_post_layout":"","_kad_post_sidebar_id":"","_kad_post_content_style":"unboxed","_kad_post_vertical_padding":"hide","_kad_post_feature":"","_kad_post_feature_position":"","_kad_post_header":false,"_kad_post_footer":false,"_kad_post_classname":"","footnotes":""},"taxonomy_info":[],"featured_image_src_large":false,"author_info":{"display_name":"afrikalarm2.com","author_link":"https:\/\/afrikalarm.com\/index.php\/author\/afrikalarm2-com\/"},"comment_info":0,"_links":{"self":[{"href":"https:\/\/afrikalarm.com\/index.php\/wp-json\/wp\/v2\/pages\/294"}],"collection":[{"href":"https:\/\/afrikalarm.com\/index.php\/wp-json\/wp\/v2\/pages"}],"about":[{"href":"https:\/\/afrikalarm.com\/index.php\/wp-json\/wp\/v2\/types\/page"}],"author":[{"embeddable":true,"href":"https:\/\/afrikalarm.com\/index.php\/wp-json\/wp\/v2\/users\/1"}],"replies":[{"embeddable":true,"href":"https:\/\/afrikalarm.com\/index.php\/wp-json\/wp\/v2\/comments?post=294"}],"version-history":[{"count":9,"href":"https:\/\/afrikalarm.com\/index.php\/wp-json\/wp\/v2\/pages\/294\/revisions"}],"predecessor-version":[{"id":880,"href":"https:\/\/afrikalarm.com\/index.php\/wp-json\/wp\/v2\/pages\/294\/revisions\/880"}],"wp:attachment":[{"href":"https:\/\/afrikalarm.com\/index.php\/wp-json\/wp\/v2\/media?parent=294"}],"curies":[{"name":"wp","href":"https:\/\/api.w.org\/{rel}","templated":true}]}}